{"id":13,"date":"2024-01-18T19:59:50","date_gmt":"2024-01-18T18:59:50","guid":{"rendered":"https:\/\/fundsachenverkauf.ch\/?page_id=13"},"modified":"2026-03-15T06:28:44","modified_gmt":"2026-03-15T11:28:44","slug":"team","status":"publish","type":"page","link":"https:\/\/fundsachenverkauf.ch\/fundsachenverkau\/team\/","title":{"rendered":""},"content":{"rendered":"<p><!-- HERO SECTION --><\/p>\n<div style=\"background:linear-gradient(135deg,#1a1a2e 0%,#2d2d44 100%);padding:60px 20px;text-align:center;border-radius:12px;margin-bottom:40px;\">\n<p style=\"color:#2bbdb6;font-size:14px;letter-spacing:3px;text-transform:uppercase;margin-bottom:10px;\">Das Herz von fundsachenverkauf.ch<\/p>\n<h2 style=\"color:#fff;font-size:42px;font-weight:700;margin-bottom:15px;\">Unser Team<\/h2>\n<div style=\"width:60px;height:3px;background:#2bbdb6;margin:0 auto 20px;\"><\/div>\n<p style=\"color:rgba(255,255,255,0.8);font-size:18px;max-width:600px;margin:0 auto;\">Menschen mit Leidenschaft f\u00fcr Nachhaltigkeit, Schn\u00e4ppchen und einzigartige Fundst\u00fccke.<\/p>\n<\/div>\n<p><!-- \u00dcBER 35 MITARBEITER --><\/p>\n<div style=\"text-align:center;padding:50px 20px;margin-bottom:40px;\">\n<h2 style=\"color:#2bbdb6;font-size:48px;font-weight:800;margin-bottom:5px;\">\u00dcber 35 Mitarbeiter<\/h2>\n<p style=\"color:#555;font-size:18px;max-width:700px;margin:0 auto;\">an drei Standorten setzen sich t\u00e4glich daf\u00fcr ein, verlorenen Gegenst\u00e4nden ein zweites Leben zu geben \u2013 mit Herz, Engagement und einem L\u00e4cheln.<\/p>\n<\/div>\n<p><!-- ORGANIGRAMM --><\/p>\n<div style=\"background:linear-gradient(135deg,#e8f6f5 0%,#fff 100%);padding:50px 20px;border-radius:12px;margin-bottom:40px;\">\n<h2 style=\"color:#2bbdb6;font-size:28px;text-align:center;margin-bottom:10px;\">Unsere Leitung<\/h2>\n<p style=\"text-align:center;color:#888;font-size:14px;margin-bottom:40px;\">Seit 2025 unter neuer Gesch\u00e4ftsf\u00fchrung<\/p>\n<p><!-- GESCH\u00c4FTSF\u00dcHRUNG \/ INHABER (OBERSTE EBENE) --><\/p>\n<p style=\"text-align:center;color:#f5a623;font-size:13px;letter-spacing:2px;text-transform:uppercase;margin-bottom:20px;font-weight:600;\">Gesch\u00e4ftsf\u00fchrung &amp; Inhaber<\/p>\n<div style=\"display:flex;justify-content:center;gap:30px;flex-wrap:wrap;margin-bottom:50px;\">\n<div style=\"text-align:center;width:220px;\">\n<div style=\"width:130px;height:130px;border-radius:50%;background:linear-gradient(135deg,#2bbdb6,#1fa89d);margin:0 auto 15px;display:flex;align-items:center;justify-content:center;font-size:36px;color:#fff;box-shadow:0 8px 25px rgba(43,189,182,0.3);\">SV<\/div>\n<h4 style=\"color:#1a1a2e;font-size:17px;margin-bottom:3px;font-weight:700;\">Salvatore Vella<\/h4>\n<p style=\"color:#2bbdb6;font-size:13px;margin:0 0 4px;\">Gesch\u00e4ftsf\u00fchrer \/ CEO<\/p>\n<p style=\"color:#999;font-size:12px;font-style:italic;margin:0;\">Inhaber seit 2025<\/p>\n<\/div>\n<div style=\"text-align:center;width:220px;\">\n<div style=\"width:130px;height:130px;border-radius:50%;background:linear-gradient(135deg,#2bbdb6,#1fa89d);margin:0 auto 15px;display:flex;align-items:center;justify-content:center;font-size:36px;color:#fff;box-shadow:0 8px 25px rgba(43,189,182,0.3);\">GV<\/div>\n<h4 style=\"color:#1a1a2e;font-size:17px;margin-bottom:3px;font-weight:700;\">Giovanna Vella<\/h4>\n<p style=\"color:#2bbdb6;font-size:13px;margin:0 0 4px;\">Gesch\u00e4ftsf\u00fchrerin \/ COO<\/p>\n<p style=\"color:#999;font-size:12px;font-style:italic;margin:0;\">Inhaberin seit 2025<\/p>\n<\/div>\n<\/div>\n<p><!-- VERBINDUNGSLINIE --><\/p>\n<div style=\"width:2px;height:40px;background:linear-gradient(to bottom,#2bbdb6,#f5a623);margin:0 auto;\"><\/div>\n<p><!-- GR\u00dcNDER IN OPERATIVEN ROLLEN --><\/p>\n<p style=\"text-align:center;color:#f5a623;font-size:13px;letter-spacing:2px;text-transform:uppercase;margin:20px 0;font-weight:600;\">Gr\u00fcnder &amp; Schl\u00fcsselpositionen<\/p>\n<div style=\"display:flex;justify-content:center;gap:30px;flex-wrap:wrap;margin-bottom:50px;\">\n<div style=\"text-align:center;width:220px;\">\n<div style=\"width:110px;height:110px;border-radius:50%;background:linear-gradient(135deg,#f5a623,#e8961e);margin:0 auto 15px;display:flex;align-items:center;justify-content:center;font-size:32px;color:#fff;box-shadow:0 8px 25px rgba(245,166,35,0.3);\">RW<\/div>\n<h4 style=\"color:#1a1a2e;font-size:16px;margin-bottom:3px;font-weight:700;\">Roland Widmer<\/h4>\n<p style=\"color:#2bbdb6;font-size:13px;margin:0 0 4px;\">Ass. Gesch\u00e4ftsleitung<\/p>\n<p style=\"color:#999;font-size:12px;font-style:italic;margin:0;\">Gr\u00fcnder<\/p>\n<\/div>\n<div style=\"text-align:center;width:220px;\">\n<div style=\"width:110px;height:110px;border-radius:50%;background:linear-gradient(135deg,#f5a623,#e8961e);margin:0 auto 15px;display:flex;align-items:center;justify-content:center;font-size:32px;color:#fff;box-shadow:0 8px 25px rgba(245,166,35,0.3);\">IW<\/div>\n<h4 style=\"color:#1a1a2e;font-size:16px;margin-bottom:3px;font-weight:700;\">Isolde Widmer<\/h4>\n<p style=\"color:#2bbdb6;font-size:13px;margin:0 0 4px;\">Buchhaltung<\/p>\n<p style=\"color:#999;font-size:12px;font-style:italic;margin:0;\">Gr\u00fcnderin<\/p>\n<\/div>\n<\/div>\n<p><!-- VERBINDUNGSLINIEN ZU BEREICHEN --><\/p>\n<div style=\"width:2px;height:40px;background:linear-gradient(to bottom,#f5a623,#1a1a2e);margin:0 auto;\"><\/div>\n<p><!-- BEREICHSLEITUNG --><\/p>\n<p style=\"text-align:center;color:#f5a623;font-size:13px;letter-spacing:2px;text-transform:uppercase;margin:20px 0;font-weight:600;\">Bereichsleitung<\/p>\n<div style=\"display:flex;justify-content:center;gap:25px;flex-wrap:wrap;margin-bottom:20px;\">\n<div style=\"text-align:center;background:#fff;border-radius:12px;padding:25px 20px;width:180px;box-shadow:0 4px 15px rgba(0,0,0,0.06);border-top:3px solid #f5a623;\">\n<div style=\"width:60px;height:60px;border-radius:50%;background:linear-gradient(135deg,#1a1a2e,#2d2d44);margin:0 auto 12px;display:flex;align-items:center;justify-content:center;font-size:22px;color:#fff;\">\ud83c\udfea<\/div>\n<h4 style=\"color:#1a1a2e;font-size:14px;margin-bottom:3px;font-weight:700;\">Filialleitung<\/h4>\n<p style=\"color:#888;font-size:12px;margin:0;\">Z\u00fcrich &amp; Luzern<\/p>\n<\/div>\n<div style=\"text-align:center;background:#fff;border-radius:12px;padding:25px 20px;width:180px;box-shadow:0 4px 15px rgba(0,0,0,0.06);border-top:3px solid #2bbdb6;\">\n<div style=\"width:60px;height:60px;border-radius:50%;background:linear-gradient(135deg,#1a1a2e,#2d2d44);margin:0 auto 12px;display:flex;align-items:center;justify-content:center;font-size:22px;color:#fff;\">\ud83d\uded2<\/div>\n<h4 style=\"color:#1a1a2e;font-size:14px;margin-bottom:3px;font-weight:700;\">Online &amp; E-Commerce<\/h4>\n<p style=\"color:#888;font-size:12px;margin:0;\">Shop &amp; Ricardo<\/p>\n<\/div>\n<div style=\"text-align:center;background:#fff;border-radius:12px;padding:25px 20px;width:180px;box-shadow:0 4px 15px rgba(0,0,0,0.06);border-top:3px solid #f5a623;\">\n<div style=\"width:60px;height:60px;border-radius:50%;background:linear-gradient(135deg,#1a1a2e,#2d2d44);margin:0 auto 12px;display:flex;align-items:center;justify-content:center;font-size:22px;color:#fff;\">\ud83d\udce6<\/div>\n<h4 style=\"color:#1a1a2e;font-size:14px;margin-bottom:3px;font-weight:700;\">Logistik &amp; Lager<\/h4>\n<p style=\"color:#888;font-size:12px;margin:0;\">Wareneingang &amp; Sortierung<\/p>\n<\/div>\n<div style=\"text-align:center;background:#fff;border-radius:12px;padding:25px 20px;width:180px;box-shadow:0 4px 15px rgba(0,0,0,0.06);border-top:3px solid #2bbdb6;\">\n<div style=\"width:60px;height:60px;border-radius:50%;background:linear-gradient(135deg,#1a1a2e,#2d2d44);margin:0 auto 12px;display:flex;align-items:center;justify-content:center;font-size:22px;color:#fff;\">\ud83d\udccb<\/div>\n<h4 style=\"color:#1a1a2e;font-size:14px;margin-bottom:3px;font-weight:700;\">Administration<\/h4>\n<p style=\"color:#888;font-size:12px;margin:0;\">Buchhaltung &amp; Personal<\/p>\n<\/div>\n<\/div>\n<\/div>\n<p><!-- STANDORTE --><\/p>\n<div style=\"display:flex;gap:20px;flex-wrap:wrap;justify-content:center;margin-bottom:40px;\">\n<div style=\"flex:1;min-width:280px;max-width:350px;background:#fff;border-radius:12px;padding:30px;box-shadow:0 4px 15px rgba(0,0,0,0.06);text-align:center;border-left:4px solid #f5a623;\">\n<h3 style=\"color:#1a1a2e;font-size:18px;margin-bottom:8px;\">\ud83d\udccd Z\u00fcrich Wollishofen<\/h3>\n<p style=\"color:#888;font-size:14px;margin:0;\">Unser gr\u00f6sstes Team am Hauptstandort \u2013 Verkauf, Sortierung und Kundenberatung.<\/p>\n<\/div>\n<div style=\"flex:1;min-width:280px;max-width:350px;background:#fff;border-radius:12px;padding:30px;box-shadow:0 4px 15px rgba(0,0,0,0.06);text-align:center;border-left:4px solid #2bbdb6;\">\n<h3 style=\"color:#1a1a2e;font-size:18px;margin-bottom:8px;\">\ud83d\udccd Luzern Kapellplatz<\/h3>\n<p style=\"color:#888;font-size:14px;margin:0;\">Unser Team in der Zentralschweiz \u2013 pers\u00f6nliche Beratung und lokale Sch\u00e4tze.<\/p>\n<\/div>\n<div style=\"flex:1;min-width:280px;max-width:350px;background:#fff;border-radius:12px;padding:30px;box-shadow:0 4px 15px rgba(0,0,0,0.06);text-align:center;border-left:4px solid #f5a623;\">\n<h3 style=\"color:#1a1a2e;font-size:18px;margin-bottom:8px;\">\ud83c\udf10 Online-Team<\/h3>\n<p style=\"color:#888;font-size:14px;margin:0;\">E-Commerce, Fotografie, Marketing und Versand \u2013 digital und effizient.<\/p>\n<\/div>\n<\/div>\n<p><!-- CTA SECTION --><\/p>\n<div style=\"padding:3rem 2rem;margin-top:3rem;padding:2rem;background:linear-gradient(135deg,#e8f6f5,#fff);border-radius:12px;text-align:center;\">\n<h3 style=\"color:#2bbdb6;font-weight:700;margin-bottom:.5rem;\">Werde Teil unseres Teams!<\/h3>\n<p style=\"color:#555;margin-bottom:1rem;\">Wir suchen immer motivierte Menschen. Schreib uns!<\/p>\n<p><a href=\"mailto:kontakt@fundsachenverkauf.ch\" style=\"display:inline-block;background:#2bbdb6;color:#fff;padding:.7rem 1.5rem;border-radius:8px;font-weight:700;text-decoration:none;\">Jetzt bewerben<\/a>\n<\/div>\n","protected":false},"excerpt":{"rendered":"<p>Das Herz von fundsachenverkauf.ch Unser Team Menschen mit Leidenschaft f\u00fcr Nachhaltigkeit, Schn\u00e4ppchen und einzigartige Fundst\u00fccke. \u00dcber 35 Mitarbeiter an drei Standorten setzen sich t\u00e4glich daf\u00fcr ein, verlorenen Gegenst\u00e4nden ein zweites Leben zu geben \u2013 mit Herz, Engagement und einem L\u00e4cheln. Unsere Leitung Seit 2025 unter neuer Gesch\u00e4ftsf\u00fchrung Gesch\u00e4ftsf\u00fchrung &amp; Inhaber SV Salvatore Vella Gesch\u00e4ftsf\u00fchrer \/ [&hellip;]<\/p>\n","protected":false},"author":1,"featured_media":0,"parent":0,"menu_order":0,"comment_status":"closed","ping_status":"closed","template":"","meta":{"site-sidebar-layout":"default","site-content-layout":"","ast-site-content-layout":"default","site-content-style":"default","site-sidebar-style":"default","ast-global-header-display":"","ast-banner-title-visibility":"","ast-main-header-display":"","ast-hfb-above-header-display":"","ast-hfb-below-header-display":"","ast-hfb-mobile-header-display":"","site-post-title":"disabled","ast-breadcrumbs-content":"","ast-featured-img":"","footer-sml-layout":"","ast-disable-related-posts":"","theme-transparent-header-meta":"default","adv-header-id-meta":"","stick-header-meta":"","header-above-stick-meta":"","header-main-stick-meta":"","header-below-stick-meta":"","astra-migrate-meta-layouts":"set","ast-page-background-enabled":"default","ast-page-background-meta":{"desktop":{"background-color":"","background-image":"","background-repeat":"repeat","background-position":"center center","background-size":"auto","background-attachment":"scroll","background-type":"","background-media":"","overlay-type":"","overlay-color":"","overlay-opacity":"","overlay-gradient":""},"tablet":{"background-color":"","background-image":"","background-repeat":"repeat","background-position":"center center","background-size":"auto","background-attachment":"scroll","background-type":"","background-media":"","overlay-type":"","overlay-color":"","overlay-opacity":"","overlay-gradient":""},"mobile":{"background-color":"","background-image":"","background-repeat":"repeat","background-position":"center center","background-size":"auto","background-attachment":"scroll","background-type":"","background-media":"","overlay-type":"","overlay-color":"","overlay-opacity":"","overlay-gradient":""}},"ast-content-background-meta":{"desktop":{"background-color":"var(--ast-global-color-4)","background-image":"","background-repeat":"repeat","background-position":"center center","background-size":"auto","background-attachment":"scroll","background-type":"","background-media":"","overlay-type":"","overlay-color":"","overlay-opacity":"","overlay-gradient":""},"tablet":{"background-color":"var(--ast-global-color-4)","background-image":"","background-repeat":"repeat","background-position":"center center","background-size":"auto","background-attachment":"scroll","background-type":"","background-media":"","overlay-type":"","overlay-color":"","overlay-opacity":"","overlay-gradient":""},"mobile":{"background-color":"var(--ast-global-color-4)","background-image":"","background-repeat":"repeat","background-position":"center center","background-size":"auto","background-attachment":"scroll","background-type":"","background-media":"","overlay-type":"","overlay-color":"","overlay-opacity":"","overlay-gradient":""}},"footnotes":""},"class_list":["post-13","page","type-page","status-publish","hentry"],"_links":{"self":[{"href":"https:\/\/fundsachenverkauf.ch\/fundsachenverkau\/wp-json\/wp\/v2\/pages\/13","targetHints":{"allow":["GET"]}}],"collection":[{"href":"https:\/\/fundsachenverkauf.ch\/fundsachenverkau\/wp-json\/wp\/v2\/pages"}],"about":[{"href":"https:\/\/fundsachenverkauf.ch\/fundsachenverkau\/wp-json\/wp\/v2\/types\/page"}],"author":[{"embeddable":true,"href":"https:\/\/fundsachenverkauf.ch\/fundsachenverkau\/wp-json\/wp\/v2\/users\/1"}],"replies":[{"embeddable":true,"href":"https:\/\/fundsachenverkauf.ch\/fundsachenverkau\/wp-json\/wp\/v2\/comments?post=13"}],"version-history":[{"count":28,"href":"https:\/\/fundsachenverkauf.ch\/fundsachenverkau\/wp-json\/wp\/v2\/pages\/13\/revisions"}],"predecessor-version":[{"id":328478,"href":"https:\/\/fundsachenverkauf.ch\/fundsachenverkau\/wp-json\/wp\/v2\/pages\/13\/revisions\/328478"}],"wp:attachment":[{"href":"https:\/\/fundsachenverkauf.ch\/fundsachenverkau\/wp-json\/wp\/v2\/media?parent=13"}],"curies":[{"name":"wp","href":"https:\/\/api.w.org\/{rel}","templated":true}]}}

<p><!-- HERO SECTION --></p>
<div style="background:linear-gradient(135deg,#1a1a2e 0%,#2d2d44 100%);padding:60px 20px;text-align:center;border-radius:12px;margin-bottom:40px;">
<p style="color:#2bbdb6;font-size:14px;letter-spacing:3px;text-transform:uppercase;margin-bottom:10px;">Das Herz von fundsachenverkauf.ch</p>
<h2 style="color:#fff;font-size:42px;font-weight:700;margin-bottom:15px;">Unser Team</h2>
<div style="width:60px;height:3px;background:#2bbdb6;margin:0 auto 20px;"></div>
<p style="color:rgba(255,255,255,0.8);font-size:18px;max-width:600px;margin:0 auto;">Menschen mit Leidenschaft für Nachhaltigkeit, Schnäppchen und einzigartige Fundstücke.</p>
</div>
<p><!-- ÜBER 35 MITARBEITER --></p>
<div style="text-align:center;padding:50px 20px;margin-bottom:40px;">
<h2 style="color:#2bbdb6;font-size:48px;font-weight:800;margin-bottom:5px;">Über 35 Mitarbeiter</h2>
<p style="color:#555;font-size:18px;max-width:700px;margin:0 auto;">an drei Standorten setzen sich täglich dafür ein, verlorenen Gegenständen ein zweites Leben zu geben – mit Herz, Engagement und einem Lächeln.</p>
</div>
<p><!-- ORGANIGRAMM --></p>
<div style="background:linear-gradient(135deg,#e8f6f5 0%,#fff 100%);padding:50px 20px;border-radius:12px;margin-bottom:40px;">
<h2 style="color:#2bbdb6;font-size:28px;text-align:center;margin-bottom:10px;">Unsere Leitung</h2>
<p style="text-align:center;color:#888;font-size:14px;margin-bottom:40px;">Seit 2025 unter neuer Geschäftsführung</p>
<p><!-- GESCHÄFTSFÜHRUNG / INHABER (OBERSTE EBENE) --></p>
<p style="text-align:center;color:#f5a623;font-size:13px;letter-spacing:2px;text-transform:uppercase;margin-bottom:20px;font-weight:600;">Geschäftsführung &amp; Inhaber</p>
<div style="display:flex;justify-content:center;gap:30px;flex-wrap:wrap;margin-bottom:50px;">
<div style="text-align:center;width:220px;">
<div style="width:130px;height:130px;border-radius:50%;background:linear-gradient(135deg,#2bbdb6,#1fa89d);margin:0 auto 15px;display:flex;align-items:center;justify-content:center;font-size:36px;color:#fff;box-shadow:0 8px 25px rgba(43,189,182,0.3);">SV</div>
<h4 style="color:#1a1a2e;font-size:17px;margin-bottom:3px;font-weight:700;">Salvatore Vella</h4>
<p style="color:#2bbdb6;font-size:13px;margin:0 0 4px;">Geschäftsführer / CEO</p>
<p style="color:#999;font-size:12px;font-style:italic;margin:0;">Inhaber seit 2025</p>
</div>
<div style="text-align:center;width:220px;">
<div style="width:130px;height:130px;border-radius:50%;background:linear-gradient(135deg,#2bbdb6,#1fa89d);margin:0 auto 15px;display:flex;align-items:center;justify-content:center;font-size:36px;color:#fff;box-shadow:0 8px 25px rgba(43,189,182,0.3);">GV</div>
<h4 style="color:#1a1a2e;font-size:17px;margin-bottom:3px;font-weight:700;">Giovanna Vella</h4>
<p style="color:#2bbdb6;font-size:13px;margin:0 0 4px;">Geschäftsführerin / COO</p>
<p style="color:#999;font-size:12px;font-style:italic;margin:0;">Inhaberin seit 2025</p>
</div>
</div>
<p><!-- VERBINDUNGSLINIE --></p>
<div style="width:2px;height:40px;background:linear-gradient(to bottom,#2bbdb6,#f5a623);margin:0 auto;"></div>
<p><!-- GRÜNDER IN OPERATIVEN ROLLEN --></p>
<p style="text-align:center;color:#f5a623;font-size:13px;letter-spacing:2px;text-transform:uppercase;margin:20px 0;font-weight:600;">Gründer &amp; Schlüsselpositionen</p>
<div style="display:flex;justify-content:center;gap:30px;flex-wrap:wrap;margin-bottom:50px;">
<div style="text-align:center;width:220px;">
<div style="width:110px;height:110px;border-radius:50%;background:linear-gradient(135deg,#f5a623,#e8961e);margin:0 auto 15px;display:flex;align-items:center;justify-content:center;font-size:32px;color:#fff;box-shadow:0 8px 25px rgba(245,166,35,0.3);">RW</div>
<h4 style="color:#1a1a2e;font-size:16px;margin-bottom:3px;font-weight:700;">Roland Widmer</h4>
<p style="color:#2bbdb6;font-size:13px;margin:0 0 4px;">Ass. Geschäftsleitung</p>
<p style="color:#999;font-size:12px;font-style:italic;margin:0;">Gründer</p>
</div>
<div style="text-align:center;width:220px;">
<div style="width:110px;height:110px;border-radius:50%;background:linear-gradient(135deg,#f5a623,#e8961e);margin:0 auto 15px;display:flex;align-items:center;justify-content:center;font-size:32px;color:#fff;box-shadow:0 8px 25px rgba(245,166,35,0.3);">IW</div>
<h4 style="color:#1a1a2e;font-size:16px;margin-bottom:3px;font-weight:700;">Isolde Widmer</h4>
<p style="color:#2bbdb6;font-size:13px;margin:0 0 4px;">Buchhaltung</p>
<p style="color:#999;font-size:12px;font-style:italic;margin:0;">Gründerin</p>
</div>
</div>
<p><!-- VERBINDUNGSLINIEN ZU BEREICHEN --></p>
<div style="width:2px;height:40px;background:linear-gradient(to bottom,#f5a623,#1a1a2e);margin:0 auto;"></div>
<p><!-- BEREICHSLEITUNG --></p>
<p style="text-align:center;color:#f5a623;font-size:13px;letter-spacing:2px;text-transform:uppercase;margin:20px 0;font-weight:600;">Bereichsleitung</p>
<div style="display:flex;justify-content:center;gap:25px;flex-wrap:wrap;margin-bottom:20px;">
<div style="text-align:center;background:#fff;border-radius:12px;padding:25px 20px;width:180px;box-shadow:0 4px 15px rgba(0,0,0,0.06);border-top:3px solid #f5a623;">
<div style="width:60px;height:60px;border-radius:50%;background:linear-gradient(135deg,#1a1a2e,#2d2d44);margin:0 auto 12px;display:flex;align-items:center;justify-content:center;font-size:22px;color:#fff;">🏪</div>
<h4 style="color:#1a1a2e;font-size:14px;margin-bottom:3px;font-weight:700;">Filialleitung</h4>
<p style="color:#888;font-size:12px;margin:0;">Zürich &amp; Luzern</p>
</div>
<div style="text-align:center;background:#fff;border-radius:12px;padding:25px 20px;width:180px;box-shadow:0 4px 15px rgba(0,0,0,0.06);border-top:3px solid #2bbdb6;">
<div style="width:60px;height:60px;border-radius:50%;background:linear-gradient(135deg,#1a1a2e,#2d2d44);margin:0 auto 12px;display:flex;align-items:center;justify-content:center;font-size:22px;color:#fff;">🛒</div>
<h4 style="color:#1a1a2e;font-size:14px;margin-bottom:3px;font-weight:700;">Online &amp; E-Commerce</h4>
<p style="color:#888;font-size:12px;margin:0;">Shop &amp; Ricardo</p>
</div>
<div style="text-align:center;background:#fff;border-radius:12px;padding:25px 20px;width:180px;box-shadow:0 4px 15px rgba(0,0,0,0.06);border-top:3px solid #f5a623;">
<div style="width:60px;height:60px;border-radius:50%;background:linear-gradient(135deg,#1a1a2e,#2d2d44);margin:0 auto 12px;display:flex;align-items:center;justify-content:center;font-size:22px;color:#fff;">📦</div>
<h4 style="color:#1a1a2e;font-size:14px;margin-bottom:3px;font-weight:700;">Logistik &amp; Lager</h4>
<p style="color:#888;font-size:12px;margin:0;">Wareneingang &amp; Sortierung</p>
</div>
<div style="text-align:center;background:#fff;border-radius:12px;padding:25px 20px;width:180px;box-shadow:0 4px 15px rgba(0,0,0,0.06);border-top:3px solid #2bbdb6;">
<div style="width:60px;height:60px;border-radius:50%;background:linear-gradient(135deg,#1a1a2e,#2d2d44);margin:0 auto 12px;display:flex;align-items:center;justify-content:center;font-size:22px;color:#fff;">📋</div>
<h4 style="color:#1a1a2e;font-size:14px;margin-bottom:3px;font-weight:700;">Administration</h4>
<p style="color:#888;font-size:12px;margin:0;">Buchhaltung &amp; Personal</p>
</div>
</div>
</div>
<p><!-- STANDORTE --></p>
<div style="display:flex;gap:20px;flex-wrap:wrap;justify-content:center;margin-bottom:40px;">
<div style="flex:1;min-width:280px;max-width:350px;background:#fff;border-radius:12px;padding:30px;box-shadow:0 4px 15px rgba(0,0,0,0.06);text-align:center;border-left:4px solid #f5a623;">
<h3 style="color:#1a1a2e;font-size:18px;margin-bottom:8px;">📍 Zürich Wollishofen</h3>
<p style="color:#888;font-size:14px;margin:0;">Unser grösstes Team am Hauptstandort – Verkauf, Sortierung und Kundenberatung.</p>
</div>
<div style="flex:1;min-width:280px;max-width:350px;background:#fff;border-radius:12px;padding:30px;box-shadow:0 4px 15px rgba(0,0,0,0.06);text-align:center;border-left:4px solid #2bbdb6;">
<h3 style="color:#1a1a2e;font-size:18px;margin-bottom:8px;">📍 Luzern Kapellplatz</h3>
<p style="color:#888;font-size:14px;margin:0;">Unser Team in der Zentralschweiz – persönliche Beratung und lokale Schätze.</p>
</div>
<div style="flex:1;min-width:280px;max-width:350px;background:#fff;border-radius:12px;padding:30px;box-shadow:0 4px 15px rgba(0,0,0,0.06);text-align:center;border-left:4px solid #f5a623;">
<h3 style="color:#1a1a2e;font-size:18px;margin-bottom:8px;">🌐 Online-Team</h3>
<p style="color:#888;font-size:14px;margin:0;">E-Commerce, Fotografie, Marketing und Versand – digital und effizient.</p>
</div>
</div>
<p><!-- CTA SECTION --></p>
<div style="padding:3rem 2rem;margin-top:3rem;padding:2rem;background:linear-gradient(135deg,#e8f6f5,#fff);border-radius:12px;text-align:center;">
<h3 style="color:#2bbdb6;font-weight:700;margin-bottom:.5rem;">Werde Teil unseres Teams!</h3>
<p style="color:#555;margin-bottom:1rem;">Wir suchen immer motivierte Menschen. Schreib uns!</p>
<p><a href="mailto:kontakt@fundsachenverkauf.ch" style="display:inline-block;background:#2bbdb6;color:#fff;padding:.7rem 1.5rem;border-radius:8px;font-weight:700;text-decoration:none;">Jetzt bewerben</a>
</div>

<p>Das Herz von fundsachenverkauf.ch Unser Team Menschen mit Leidenschaft für Nachhaltigkeit, Schnäppchen und einzigartige Fundstücke. Über 35 Mitarbeiter an drei Standorten setzen sich täglich dafür ein, verlorenen Gegenständen ein zweites Leben zu geben – mit Herz, Engagement und einem Lächeln. Unsere Leitung Seit 2025 unter neuer Geschäftsführung Geschäftsführung &amp; Inhaber SV Salvatore Vella Geschäftsführer / [&hellip;]</p>
